 1*i - 14. Let j = d - -27. What is the tens digit of j?
1
Suppose 4*d - 17 = -3*i, -4*d = -7*i + 2*i - 25. Suppose 36 = -d*g + 161. What is the units digit of g?
5
Suppose 2*q = 3*r - 3*q - 128, 2*q = -r + 61. What is the units digit of r?
1
Suppose -2 + 4 = 2*p. What is the units digit of p?
1
Let d(l) = l**3 + 8*l**2 + 6*l - 1. Let t be d(-7). Let q = t + -8. What is the units digit of (-1)/(q/26*1)?
3
Let v(l) = 8*l - 5. What is the tens digit of v(7)?
5
Let t be ((-4)/(-3))/(2/(-15)). Let o = -5 - t. What is the units digit of o?
5
Suppose -3*c = -2*x + 2*c + 62, 2*x - 70 = 3*c. Suppose 104 = 5*j - x. What is the units digit of j?
9
Let b(h) = -2*h - 1 - h + h**2 - h - 5*h. Let k = 33 - 23. What is the units digit of b(k)?
9
Let b = -9 + 25. What is the tens digit of b?
1
Let n = -3 - 0. What is the units digit of 1/((4 + n)*1)?
1
Let v = -4 + -29. What is the tens digit of (-1 + -1)/(6/v)?
1
Let u(f) = f**2 - 9*f + 11. Let s be 9/1 + 1/(-1). Let w be u(s). Suppose -w*d + 15 = -6. What is the units digit of d?
7
Suppose 0 = -2*h + 6*h - 1244. What is the tens digit of h?
1
Let g = 72 - -2. What is the tens digit of g?
7
Let t(w) = w**3 + 4*w**2 - w - 2. Let q be t(-4). Let p(y) = 2*y + y + 2*y + y**q. What is the units digit of p(-6)?
6
Suppose -2*f + 103 = -f. What is the units digit of f?
3
Let b = 54 - 16. What is the tens digit of b?
3
Let b be 7 - 0/(3/3). Suppose 0 = 2*p - 1 - b. Suppose -2*h + 2 = -0*h + 2*o, -p*h + 2*o + 10 = 0. What is the units digit of h?
2
Let u = -77 + 135. What is the tens digit of u?
5
What is the units digit of (0/5 - -230)/2?
5
Suppose 3*b - 715 = o, 2*b - 75 - 397 = 3*o. What is the hundreds digit of b?
2
Let n(c) = c**2 + 5*c + 4. Let s be n(-5). Suppose 4 = s*v - 0*v. What is the units digit of ((-21)/(-15))/(v/5)?
7
Suppose 117 = -22*y + 2999. What is the hundreds digit of y?
1
What is the units digit of (-3)/15 - ((-2133)/15 + 3)?
9
Let r(b) = -3*b + 13. What is the units digit of r(-14)?
5
Let y be -1 - (-49 + -2 + -1). Suppose 0 = -3*a + y - 18. What is the tens digit of a?
1
Let z be ((-2)/6)/(5/(-585)). Suppose -5*r + 8*r = z. What is the tens digit of r?
1
Let s(b) = 14*b**2 + 2*b. Let r be s(2). What is the units digit of ((r/3)/(-2))/(-2)?
5
Let f = 0 - -44. What is the units digit of f?
4
Let q(d) = -d - 9. Let p be q(-9). Suppose b = -p*b. Suppose 3*y + 21 = 3*h - b*y, -5*h + 27 = 3*y. What is the units digit of h?
6
Let i = 360 - 81. What is the tens digit of i?
7
Suppose 522 = 5*w + 4*s, 0 = -2*w - 5*s - 2 + 204. What is the units digit of w?
6
What is the tens digit of (-23)/(2/(6*-1))?
6
Let i be (-33)/(-2) + 1/2. Let z = 14 + -4. Let m = i - z. What is the units digit of m?
7
Let u be 20/6 + (-2)/6. What is the tens digit of u + 20/2 + -2?
1
Suppose 2*b - 12 = 4. Suppose -k + 2*u + 2*u = 10, 4*u = 2*k + 12. Let v = b + k. What is the units digit of v?
6
Let m be (-99)/15 - 6/15. Let b = 0 - m. What is the units digit of b?
7
Suppose -5*x + 12 = -18. What is the units digit of (-40)/(-15) - x/9?
2
Let h be 5 + (-8)/4 - 1. Suppose -h*j - 122 = -5*d, -4*d + 135 - 43 = 4*j. What is the units digit of d?
4
Let p(s) be the third derivative of -1/60*s**5 + 7/6*s**3 - 1/4*s**4 + 0*s + 3*s**2 + 0. What is the units digit of p(-6)?
7
Let d(f) be the third derivative of -f**5/60 - 5*f**4/8 + 2*f**3/3 - 9*f**2. What is the units digit of d(-11)?
8
Suppose 0 = 4*v - 6*v + 14. Let c = v - 0. What is the units digit of c?
7
Let q(b) = b**3 - 3*b**2 + 4. Let w be q(3). Suppose -w*d + 9 = -z, -6*z + 5*d = -z. What is the units digit of z?
3
Suppose 0 = r - 2*r + 3. Let z(s) = -6*s**r + 0 + 0*s**3 - 2*s**2 - 2*s**3 + 1. What is the units digit of z(-1)?
7
Suppose -2*l - 2 - 4 = 0. Let k be (18/(-12))/(l/20). What is the units digit of (-4)/4 + -1 + k?
8
Let q be (-6)/10 + (-23)/(-5). Suppose 0 = q*x - 5*p + 51, x + 3 = 2*x + 4*p. What is the units digit of 222/27 + 2/x?
8
Let a(b) = 2 + b + b - 3*b. What is the units digit of a(0)?
2
Suppose -5*a = -4*a - 33. Let s = 46 - a. What is the units digit of s?
3
Let o = 0 + -6. Let g = o + 10. What is the tens digit of 135/10 - (-2)/g?
1
Let f = 958 + -529. What is the hundreds digit of f?
4
Suppose 6*h = 7*h - 6. Suppose h*q + 1 = 7*q. What is the units digit of q?
1
Suppose 4*i = -5*p + 217, -2*p - 5*i + 35 = -p. What is the units digit of p?
5
Let k be 4/2*(-27)/(-2). Let j = k - 1. What is the units digit of j?
6
Suppose -7 + 1 = -3*j. Let x be j + 1 - (-2 - -4). What is the units digit of (x + 1)*3/2?
3
Let b = 244 + -92. What is the hundreds digit of b?
1
Suppose j - 5 = 0, -3*u + j = -653 + 262. Suppose n - u = -3*n. What is the units digit of n?
3
Let v = -7 + 11. Suppose 2*t = -10, 0*b + t = -v*b + 35. What is the tens digit of b?
1
Let j(q) be the second derivative of q**5/20 - 5*q**4/12 - q**3/3 - q**2/2 + 5*q. What is the units digit of j(6)?
3
Let y(i) = i**3 + 3*i**2 + 2*i + 2. What is the units digit of y(-2)?
2
Suppose 11*z - 766 = 345. What is the hundreds digit of z?
1
Let f(j) = j**2 + 6*j + 7. Let k be f(-5). Suppose x - k = 3*x. What is the units digit of (x + -1)/(4/(-10))?
5
What is the units digit of (-20)/(-110) + 1822/22?
3
What is the tens digit of (22/(-8))/(8/(-128))?
4
Suppose 5*v = -5*a + 65, 3*a - 13 = 3*v - 4. What is the units digit of -1*a*(-15)/6?
0
Let h(a) = -a + 6. Let w be h(5). Suppose -3*f = -2*f. Let q = w + f. What is the units digit of q?
1
Let l be (-16)/(-12) + (-2)/6. Let k = 8 + l. Let q = k + -4. What is the units digit of q?
5
What is the units digit of -42*((-10)/6 - -1)?
8
Suppose -2*x = 17*x - 3648. What is the units digit of x?
2
Let t(j) = -j**3 - j**2 + 3*j + 2. Let i be t(-2). Suppose 4*c = c. Suppose c*r + 4*r - 4 = i. What is the units digit of r?
1
What is the hundreds digit of 257 + 2 + -2 + 6?
2
Let h(i) = -5*i + 2. Let x(t) = -4*t + 2. Let m(v) = 5*h(v) - 6*x(v). What is the units digit of m(-6)?
4
Let k = -98 + 138. What is the units digit of k?
0
Suppose 5*b - 18 = -j - 2, 2*b - 172 = -5*j. Suppose -128 = -4*u - j. What is the units digit of u?
3
Suppose -2*v = -5*t - 29, -2*v + 3*v - 2 = 0. What is the units digit of 39 + t/((-10)/(-6))?
6
Suppose 0 = -3*g - 3, -g = 5*w - 2*g - 11. Suppose w*u + 35 = 5. Let k = -8 - u. What is the units digit of k?
7
Let r = 27 + -27. Let n(m) = -m**3 + 7*m**2 - 4*m. Let i be n(3). Suppose 4*h - 15 = -3*b + i, -5*h + b + 63 = r. What is the units digit of h?
2
Let u(k) = k**3 + 12*k**2 + 7. What is the hundreds digit of u(-7)?
2
Suppose -5 = -5*g + 3*m, 0*m = m - 5. Suppose -1 - 1 = w, -k + g*w = -17. What is the units digit of k?
9
Let r(t) = 103*t + 2. Let b be r(1). Let j = b - 67. What is the tens digit of j?
3
Suppose 4*t = 4*o + 853 - 337, -2*t + o + 257 = 0. What is the hundreds digit of t?
1
Let c(t) = -2*t**2 - 10*t - 9. Let z be c(-6). Let b = z - -29. Suppose 5*s = -3*u + 11 + 7, -5*u + b = s. What is the units digit of u?
1
Let q(i) = -i**2 - 17*i + 5. What is the tens digit of q(-14)?
4
Let u(x) be the second derivative of -x**3/6 + 5*x**2/2 + x. Let f(h) = 2*h**3 + 41*h**2 - 20*h + 25. Let t be f(-21). What is the units digit of u(t)?
1
What is the units digit of ((-9)/(-6))/(4/24)?
9
Let h(g) = 5*g - 1. Let s(u) = u**2 - 3*u - 3. Let y be s(4). What is the units digit of h(y)?
4
Let q = 624 - 382. What is the units digit of q?
2
Let x = -4 + 4. Suppose l = 4*u - 6 - 3, -3*u = x. What is the units digit of 2/l + 384/27?
4
Suppose -6 = m - 10. Suppose m*i - 215 = -23. What is the tens digit of i?
4
Let r(u) = -u**3 - 8*u**2 - u - 6. What is the units digit of r(-8)?
2
Let a(z) = -2*z + 1. Let j be a(6). Let d(r) = -6*r - 6. Let g be d(j). Suppose 0 = -4*o - o + g. What is the tens digit of o?
1
Let t = 20 + 19. What is the tens digit of t?
3
Let x = 57 - -2. What is the units digit of x?
9
Let k(f) = 11*f**2 + 1. What is the tens digit of k(-2)?
4
Suppose 5*q - 100 = -5*k, 5*k = -q - 2*q + 60. What is the tens digit of q?
2
Suppose 51 = -4*q - 69. Let c be q/4*4/3. Let l = 9 - c. What is the units digit of l?
9
Let g(b) = 9*b - 15. What is the units digit of g(5)?
0
Let q = 4 + 47. Suppose g = -0*g + 4. Suppose -5*k + q = -g. What is the units digit of k?
1
Let f(p) = 3*p + 2. Let l be f(-2). What is the tens digit of (1 + l)/(3/(-19))?
1
Supp